2
0
What is -3 (base 11) in base 6?
-3
Convert -2 (base 15) to base 9.
-2
What is -180 (base 11) in base 4?
-3101
-24 (base 10) to base 5
-44
Convert -3 (base 15) to base 8.
-3
What is 4 (base 6) in base 4?
10
Convert 1 (base 15) to base 7.
1
-1b (base 14) to base 9
-27
What is 1 (base 15) in base 7?
1
2 (base 6) to base 9
2
346 (base 9) to base 15
140
15 (base 10) to base 2
1111
Convert -100 (base 9) to base 3.
-10000
What is -20 (base 3) in base 13?
-6
Convert 302 (base 5) to base 13.
5c
2 (base 5) to base 11
2
Convert -1 (base 8) to base 3.
-1
61 (base 13) to base 4
1033
-2a (base 14) to base 3
-1102
-19 (base 16) to base 12
-21
48 (base 11) to base 16
34
What is 20 (base 13) in base 16?
1a
Convert -137 (base 8) to base 3.
-10112
Convert -1 (base 4) to base 14.
-1
What is -11 (base 4) in base 3?
-12
-3 (base 7) to base 6
-3
What is -5 (base 9) in base 4?
-11
107 (base 14) to base 4
3023
What is -27 (base 8) in base 5?
-43
What is 51 (base 6) in base 2?
11111
-1b4 (base 12) to base 9
-341
What is 1 (base 15) in base 8?
1
What is -5 (base 8) in base 6?
-5
Convert -e3 (base 15) to base 14.
-113
What is -12 (base 3) in base 15?
-5
What is -50 (base 10) in base 13?
-3b
What is -3 (base 13) in base 8?
-3
Convert -b (base 15) to base 16.
-b
3 (base 9) to base 15
3
-4 (base 15) to base 4
-10
What is 5 (base 7) in base 3?
12
-8 (base 11) to base 15
-8
What is -1 (base 14) in base 11?
-1
What is -244 (base 7) in base 12?
-aa
Convert 10 (base 2) to base 3.
2
Convert -16 (base 9) to base 5.
-30
Convert 5 (base 8) to base 14.
5
Convert 3 (base 10) to base 7.
3
What is 2 (base 9) in base 2?
10
What is 1 (base 12) in base 7?
1
What is -10101 (base 2) in base 7?
-30
Convert 95 (base 10) to base 16.
5f
What is -10101110 (base 2) in base 14?
-c6
What is -1 (base 15) in base 16?
-1
What is 2 (base 5) in base 15?
2
5 (base 11) to base 14
5
What is 3 (base 12) in base 9?
3
Convert -3 (base 7) to base 4.
-3
What is 5 (base 15) in base 13?
5
What is 6 (base 14) in base 15?
6
What is -b (base 15) in base 16?
-b
-402 (base 7) to base 14
-102
-12 (base 16) to base 14
-14
Convert -2 (base 4) to base 16.
-2
What is 200 (base 3) in base 7?
24
Convert 42 (base 5) to base 2.
10110
121 (base 4) to base 12
21
-5 (base 12) to base 3
-12
Convert -7 (base 15) to base 11.
-7
What is 1 (base 9) in base 5?
1
Convert -32 (base 12) to base 3.
-1102
-10 (base 2) to base 9
-2
-3 (base 7) to base 5
-3
Convert 2 (base 11) to base 16.
2
Convert 31 (base 13) to base 16.
28
-110100 (base 2) to base 5
-202
Convert 5 (base 8) to base 6.
5
3 (base 4) to base 6
3
Convert 0 (base 3) to base 4.
0
What is 213 (base 4) in base 9?
43
Convert 0 (base 2) to base 7.
0
What is -68 (base 16) in base 3?
-10212
-13 (base 6) to base 3
-100
What is 442 (base 8) in base 6?
1202
Convert 2 (base 8) to base 12.
2
-5 (base 9) to base 8
-5
0 (base 3) to base 5
0
What is -9 (base 12) in base 2?
-1001
Convert -6 (base 16) to base 5.
-11
-4e (base 16) to base 7
-141
What is -3 (base 6) in base 10?
-3
What is -6 (base 8) in base 12?
-6
What is 0 (base 11) in base 5?
0
What is -111011 (base 2) in base 9?
-65
Convert 1002 (base 4) to base 13.
51
What is 29 (base 11) in base 5?
111
Convert 1 (base 3) to base 11.
1
What is -2033 (base 4) in base 2?
-10001111
What is 3 (base 16) in base 12?
3
Convert 15 (base 7) to base 15.
c
-25 (base 7) to base 9
-21
-2 (base 11) to base 2
-10
-177 (base 13) to base 16
-10b
What is 0 (base 4) in base 6?
0
What is -34 (base 14) in base 4?
-232
Convert -311 (base 5) to base 4.
-1101
What is 5 (base 11) in base 14?
5
What is -253 (base 7) in base 14?
-9a
Convert -3 (base 10) to base 15.
-3
What is -2 (base 16) in base 8?
-2
Convert -1 (base 10) to base 3.
-1
Convert -48 (base 11) to base 13.
-40
3 (base 14) to base 11
3
Convert 1 (base 13) to base 3.
1
-6 (base 9) to base 14
-6
What is -12 (base 15) in base 11?
-16
-326 (base 8) to base 5
-1324
What is 4c (base 13) in base 9?
71
-40 (base 9) to base 11
-33
Convert 2 (base 15) to base 5.
2
-1112 (base 5) to base 4
-2131
What is 1323 (base 4) in base 6?
323
2 (base 10) to base 16
2
What is 3 (base 13) in base 16?
3
What is 3 (base 9) in base 8?
3
Convert 3 (base 4) to base 6.
3
What is -10 (base 16) in base 3?
-121
Convert -13 (base 5) to base 7.
-11
What is 9e (base 15) in base 5?
1044
Convert -3 (base 9) to base 6.
-3
-20 (base 5) to base 4
-22
What is 10 (base 9) in base 5?
14
What is 42 (base 6) in base 2?
11010
-14 (base 16) to base 13
-17
Convert 1 (base 3) to base 15.
1
What is -41 (base 7) in base 4?
-131
21 (base 9) to base 2
10011
7 (base 14) to base 7
10
4b (base 16) to base 11
69
What is -10 (base 10) in base 14?
-a
Convert 0 (base 16) to base 9.
0
-52 (base 16) to base 2
-1010010
Convert -33 (base 5) to base 2.
-10010
Convert 0 (base 5) to base 3.
0
What is -4a (base 14) in base 5?
-231
What is -31 (base 4) in base 8?
-15
1ac (base 15) to base 7
1062
What is -103 (base 4) in base 13?
-16
What is -3 (base 13) in base 6?
-3
-1 (base 16) to base 2
-1
1 (base 14) to base 10
1
4 (base 5) to base 3
11
What is 1 (base 16) in base 13?
1
What is 13 (base 4) in base 16?
7
1032 (base 4) to base 12
66
What is 0 (base 10) in base 14?
0
Convert 28 (base 16) to base 14.
2c
What is -1 (base 8) in base 14?
-1
What is -42 (base 10) in base 9?
-46
Convert 11010 (base 2) to base 12.
22
-33 (base 6) to base 3
-210
Convert 101 (base 2) to base 13.
5
3 (base 12) to base 6
3
-17 (base 16) to base 5
-43
Convert 2320 (base 5) to base 3.
110102
What is 0 (base 10) in base 13?
0
Convert -17 (base 10) to base 15.
-12
What is 10 (base 11) in base 10?
11
-1 (base 2) to base 10
-1
Convert 214 (base 7) to base 4.
1231
Convert -5 (base 16) to base 5.
-10
-20 (base 3) to base 13
-6
Convert -34 (base 12) to base 11.
-37
What is 24 (base 8) in base 5?
40
104 (base 5) to base 11
27
Convert -101 (base 4) to base 10.
-17
Convert -5 (base 14) to base 4.
-11
-33 (base 5) to base 9
-20
What is 1 (base 11) in base 16?
1
Convert 1 (base 6) to base 10.
1
-5 (base 10) to base 7
-5
What is 14 (base 15) in base 13?
16
Convert -2 (base 7) to base 2.
-10
Convert -12 (base 15) to base 3.
-122
107 (base 8) to base 12
5b
What is -3 (base 7) in base 10?
-3
10 (base 2) to base 15
2
What is 67 (base 12) in base 4?
1033
Convert -30 (base 4) to base 13.
-c
3b (base 12) to base 6
115
What is 3b (base 16) in base 4?
323
Convert 1101011 (base 2) to base 5.
412
What is -122 (base 4) in base 8?
-32
Convert -11111 (base 2) to base 11.
-29
Convert 14 (base 5) to base 15.
9
Convert 5 (base 7) to base 16.
5
What is -1 (base 11) in base 12?
-1
Convert -241 (base 7) to base 3.
-11201
What is -10 (base 4) in base 2?
-100
-27 (base 10) to base 6
-43
-2 (base 11) to base 8
-2
What is -2443 (base 5) in base 4?
-11311
What is 0 (base 8) in base 11?
0
What is 4 (base 15) in base 7?
4
Convert 12 (base 5) to base 7.
10
Convert 2 (base 4) to base 9.
2
What is 123 (base 9) in base 6?
250
Convert -24 (base 8) to base 14.
-16
Convert 11 (base 16) to base 7.
23
163 (base 13) to base 9
307
What is 5a (base 13) in base 4?
1023
30 (base 7) to base 3
210
1 (base 8) to base 16
1
Convert 21 (base 9) to base 5.
34
Convert -6 (base 10) to base 6.
-10
320 (base 4) to base 15
3b
-2013 (base 4) to base 10
-135
Convert 3 (base 6) to base 12.
3
-5 (base 7) to base 13
-5
Convert 10 (base 4) to base 10.
4
3 (base 11) to base 10
3
What is -3 (base 13) in base 15?
-3
a (base 12) to base 8
12
Convert -40 (base 5) to base 7.
-26
What is -5 (base 7) in base 10?
-5
What is -91 (base 10) in base 9?
-111
1d (base 16) to base 5
104
Convert 11 (base 4) to base 9.
5
Convert -20 (base 13) to base 16.
-1a
Convert 1 (base 7) to base 12.
1
Convert 22 (base 11) to base 8.
30
-10011 (base 3) to base 6
-221
-1113 (base 4) to base 6
-223
Convert -4 (base 15) to base 16.
-4
2 (base 7) to base 2
10
Convert 3 (base 4) to base 12.
3
-2 (base 6) to base 4
-2
3 (base 10) to base 11
3
Convert -4 (base 8) to base 12.
-4
What is 0 (base 13) in base 14?
0
What is 3 (base 6) in base 15?
3
16 (base 8) to base 6
22
Convert -38 (base 16) to base 11.
-51
What is 3 (base 4) in base 15?
3
What is 3 (base 16) in base 13?
3
Convert 1 (base 7) to base 13.
1
6 (base 11) to base 2
110
Convert -3 (base 10) to base 2.
-11
What is 59 (base 10) in base 14?
43
Co